 digit of o(-2)?
1
Suppose -4*q = 13 + 3. Let w = q + 2. What is the tens digit of w/(-1*(-3)/(-57))?
3
Let z(b) = -15*b + 2. Let k be z(-1). Suppose k*a = 8*a + 1206. What is the units digit of a?
4
Suppose 0 = q - 2*a + 2, 3*q + 2*q = -3*a + 3. Suppose q = 5*p - 17 - 3, -p = k - 101. What is the tens digit of k?
9
Let j(z) = -z**3 - 8*z**2 - 11*z - 1. Let k be j(-8). Suppose -25 = 5*v + 5*w, -v + 1 = 2*w + 2. What is the tens digit of (-2)/(-6) - k/v?
1
Suppose -42 - 263 = -5*y. Suppose -2*t - t - s = -y, -4*t - 4*s + 76 = 0. What is the units digit of t?
1
Let z = 12 - 9. Suppose 0 = -z*r - 2*y - 100, 2*r - 3*y + 70 = -y. Let l = 77 + r. What is the tens digit of l?
4
Let u(g) = g**2 - g - 3. Let w be u(5). Let a = w + -8. What is the units digit of a?
9
Suppose 6*j = -791 - 553. Let r = 124 - j. What is the units digit of r?
8
Suppose -o + 5*v + 620 = 2*o, -610 = -3*o - 5*v. Suppose -4*d = -o - 335. What is the hundreds digit of d?
1
What is the units digit of (-11)/((-22)/4)*335?
0
Suppose 5*o - 16 = 4. Suppose 0 = -o*x + 244 + 196. What is the hundreds digit of x?
1
Let s(h) = 11*h - 4. Let g(b) = -22*b + 8. Let q(d) = 4*g(d) + 9*s(d). Let x(v) = -v**3 + 9*v**2 + 9*v + 12. Let f be x(10). What is the units digit of q(f)?
8
Suppose 2*w - 5*o - 1108 = 0, -1651 = -7*w + 4*w + 2*o. What is the tens digit of w?
4
Suppose 0 = -6*g + 3*g + 4*c - 1143, 4*g - 4*c + 1524 = 0. Let u = -151 - g. What is the tens digit of u?
3
Suppose 3*d = -d + 7204. What is the tens digit of d?
0
Suppose -2*u - 2*u = 108. Let z = 45 + u. What is the units digit of (6/4)/(z/240)?
0
Let h be (-27)/(-6)*(-2 - 0). What is the units digit of 327/9 + 3/h?
6
Let s = -12 - -18. Suppose 0 = k - 4*k + s. Suppose -h = 4*x - k*h - 50, -32 = -2*x + 4*h. What is the units digit of x?
2
Suppose 3*r + 0*r = 9126. What is the tens digit of 10/(-55) - r/(-33)?
9
Suppose -5*n - 1 = -21. Suppose -n*r = f - 43, 0*r + 2*r - 2 = 0. What is the tens digit of f?
3
Let c(o) = -1141*o**3 + o**2 - 6*o - 5. What is the units digit of c(-1)?
3
Let d(m) = -17*m + 12. Let p be d(14). What is the units digit of (-1)/(1/p*2)?
3
Suppose 0 = 6*l - l - 2500. Suppose -11*f = -15*f + l. Let n = -88 + f. What is the tens digit of n?
3
Let q = -5 - -3. Let x(d) = 3*d - 3. Let n be x(q). What is the units digit of (2 + n/3)*-2?
2
Suppose -62496 = -84*u + 48*u. What is the units digit of u?
6
Suppose l - 2 = 0, 4*x - 10790 = 83*l - 84*l. What is the tens digit of x?
9
What is the tens digit of ((-9)/54 - (-511)/6) + 3?
8
Suppose -g + 5 = -5*v, g + v + 0*v - 5 = 0. Suppose -r = -0*r + 3*m + 12, g*r = 3*m - 6. What is the units digit of (-3)/(9/34)*r?
4
Suppose 316 = -13*k + 1109. Let b = 115 - k. What is the tens digit of b?
5
Let n(c) be the second derivative of 1/12*c**4 + 8*c**2 - 2*c**3 + 8*c + 0. What is the tens digit of n(13)?
2
Let k be (-27 - -33)/(0 - (-3)/70). Let b = k + -79. What is the units digit of b?
1
Let r = 788 - 4. What is the tens digit of r?
8
Suppose -14*h + 18*h = 1480. What is the tens digit of h?
7
Let x be 0/1 - (-2 - -1). Let b(p) = 42*p**3 - p**2 - p + 1. Let f be b(x). Suppose 3*u - 16 - f = 0. What is the units digit of u?
9
Suppose 0 = -5*p + 56 - 216. Let w(i) = -i**3 + 8*i**2 - 11*i + 30. Let s be w(5). Let f = s + p. What is the tens digit of f?
1
Suppose 0 = 5*g + 2*m - 0*m - 1120, 5*g - 5*m - 1155 = 0. What is the units digit of g?
6
Let s = -6075 + 9798. What is the tens digit of s?
2
Suppose -72*m + 12 = -69*m, 5*w - 1090 = 5*m. What is the units digit of w?
2
Let r be 1 + (-6)/(-2) + -1. Suppose -5*c + 7*t + 551 = r*t, -2*c + 2*t = -222. What is the tens digit of c?
0
Let z be (-22)/(-4) + 4/(-8). Suppose z*p = 30 - 5. Suppose -p*s = 5*r - 85, 3*s - 75 = 4*r + 4. What is the tens digit of s?
2
Suppose 0 = -2*a - 3*a + 4*w - 2, 2*w = 4*a - 2. Let m(c) = 2*c - 1. Let p be m(3). What is the tens digit of (25/p)/(a/4)?
1
Suppose -8225 = -474*f + 467*f. What is the thousands digit of f?
1
Let d = 3915 + -2344. What is the thousands digit of d?
1
Let a(y) = 397*y + 2*y**2 - 4 - 397*y. What is the units digit of a(-3)?
4
Suppose -5*w + 31 = 6. Suppose y = w*y - 192. What is the units digit of (2/6)/(4/y)?
4
Let l be 1/(-3) - 22/6. Let n(g) = -4*g + 5. Let m be n(l). Suppose m = 3*d - 21. What is the tens digit of d?
1
Suppose 0 = 7*l - 7323 - 4675. What is the hundreds digit of l?
7
Suppose -2*m = -0*m. What is the units digit of 10/(-25) - m - (-246)/15?
6
Suppose 0 = 3*o - 3*m - 18, 20 = 5*o - 6*m + 3*m. What is the units digit of (45/(-25))/(-3)*(o - -44)?
7
Let o be (-464)/(-6) - (-3)/(-9). What is the units digit of 878/11 - (-14)/o?
0
Let f(j) = j**2 - 2*j + 5. Let b be f(4). What is the units digit of -3 - b*-2 - 3?
0
Let l(x) = -x**3 - 9*x**2 + 5*x - 21. Let g be l(-9). Let q = 76 - g. What is the hundreds digit of q?
1
Suppose -2*o - 3*j - 3 = 1, 0 = -5*o - 3*j + 8. What is the tens digit of (o*(-12)/10)/((-1)/30)?
4
Let a = -17 + 70. Suppose r = 3*c + a + 6, -2*r - 4*c = -128. What is the tens digit of r?
6
Let z(q) = 7*q**2 + 26*q - 13*q - 3 - 11*q. What is the tens digit of z(-4)?
0
Suppose -m + 13 = 2. Let k = m - 10. Let z(d) = 23*d. What is the tens digit of z(k)?
2
Suppose 5*y - 28 = -2*m, -y - m = -3*m - 8. Let n be (y/(-9))/((-3)/252). Let k = n + -30. What is the units digit of k?
6
What is the tens digit of 1/4 - (-1662)/8?
0
Let u be (-32)/144 - 4/(-18). Suppose u*m - 14 = m + 4*o, -2*o - 8 = 0. What is the units digit of m?
2
Let p be 60*((-6)/5 + 4). Suppose 0*z - p = -3*z. What is the units digit of z?
6
Let m be 74*(2 - (-1)/(-1)). Suppose -44 = -2*y + m. What is the units digit of y?
9
Let f be 24/42 + (-52)/(-7). Let r(q) = -q**3 + 8*q**2 + 7*q + 3. What is the units digit of r(f)?
9
Suppose 3 = -3*z + 18. Suppose -c - 32 = -y + 45, z*c - 345 = -5*y. What is the units digit of y?
3
Let y = 7 + -19. Let i(m) = -m**2 - 14*m - 7. What is the units digit of i(y)?
7
Suppose 5*u - 198 = 11*u. What is the tens digit of u*(-4)/12*6?
6
Suppose 36 = -j + 4*m + 12, 3*m - 12 = 0. Let q(i) = -i - 7. Let d be q(-7). What is the units digit of d + 19 - 16/j?
1
Let u = 968 - 687. Suppose -2*p + 37 = -u. What is the units digit of p?
9
Suppose 20617 = 5*g - 2*s + 3868, -s = 2. What is the units digit of g?
9
Suppose -c - 7 = -4*h, -6*c + c = h - 7. Suppose h*f - 3*i = 17, 2*i - 13 = 2*f + 5*i. What is the tens digit of -9 - -21 - (-5 + f)?
1
Suppose -4*q - b + 11562 = 0, -3*q + 0*b + 8663 = 5*b. What is the thousands digit of q?
2
Suppose 1673 = 5*k + 4*o, 3*k - 1005 = 2*o - 5*o. What is the units digit of k?
3
Let u be (-404)/2*(8 - 7). Let p = u + 362. What is the units digit of p?
0
Suppose -44 = 2*f + 4*d, 2*d - 37 = -4*f - 125. Let k = -31 - f. Let p = 0 - k. What is the units digit of p?
9
What is the hundreds digit of -8 + (-13)/(39/(-513))?
1
Suppose 7717 + 6035 = 12*b. What is the hundreds digit of b?
1
Let t(u) = -40*u - 35. Let c(v) = -v**2 - 15*v - 31. Let x be c(-13). What is the hundreds digit of t(x)?
1
Let g = -12 + 13. Let i be ((-904)/16)/(g/(-2)). What is the tens digit of i/4 - 5/20?
2
Let a(n) = -3*n + 5 + 2 + 2. Let j be a(4). Let o(w) = 2*w**2 - w - 4. What is the units digit of o(j)?
7
Suppose -85 - 65 = -10*r. What is the tens digit of r?
1
Let o = 3512 + -1888. What is the hundreds digit of o?
6
Suppose 3*y = -2*y - 5. What is the units digit of 4/8*2*(230 - y)?
1
Let t = 383 + -257. What is the tens digit of t?
2
Suppose -2*f = 3*m - 4778, 7*m - 7934 = 2*m + 4*f. What is the units digit of m?
0
Let d be (-84)/48 - (-2)/(-8). Let c be (-324)/(-15) + d/(-5). Suppose 4*b = c + 2. What is the units digit of b?
6
What is the tens digit of 6/4*1562/33?
7
Suppose -2*i = -5*w + 4898, 5*w - 11*i + 12*i - 4901 = 0. What is the units digit of w?
0
Let r(l) = 37*l - 6. Let g be -3 + 4 + (-1)/((-4)/12). What is the hundreds digit of r(g)?
1
Suppose f + 76 = 2*f. Let a = f + -43. What is the tens digit of a?
3
Suppose -4*n + 2*k + 10 = -0*n, 3*n + k - 10 = 0. Suppose 4*y + n*f = 261, -12 = -6*f + 2*f. Suppose -4*s + y = -93. What is the units digit of s?
9
Suppose 4*r - 52 - 32 = 0. Suppose r*i = 24*i - 390. What is the tens digit of i?
3
Let p be 3 + ((-12)/(-4))/(-3). What is the tens digit of p*-3*19/(-2)?
5
Suppose -31 + 11 = -5*g. Let j be 4/